 of 3630525574?
5
What is the tens digit of 31188611?
1
What is the tens digit of 177551830?
3
What is the hundred millions digit of 2964835112?
9
What is the thousands digit of 4996765163?
5
What is the units digit of 1988167866?
6
What is the tens digit of 2273264703?
0
What is the ten millions digit of 7455235132?
5
What is the ten thousands digit of 1875089783?
8
What is the ten millions digit of 122122984?
2
What is the millions digit of 561805267?
1
What is the ten millions digit of 88661422?
8
What is the ten thousands digit of 2704190921?
9
What is the millions digit of 181566379?
1
What is the tens digit of 775673911?
1
What is the hundred thousands digit of 360926440?
9
What is the hundred millions digit of 201178954?
2
What is the tens digit of 677428551?
5
What is the millions digit of 29118174?
9
What is the hundreds digit of 29894678?
6
What is the hundred thousands digit of 48772435?
7
What is the units digit of 110821416?
6
What is the tens digit of 779022086?
8
What is the thousands digit of 155979028?
9
What is the tens digit of 62143099?
9
What is the thousands digit of 190558577?
8
What is the units digit of 61620627?
7
What is the hundred thousands digit of 82139240?
1
What is the ten millions digit of 145430655?
4
What is the millions digit of 87231127?
7
What is the ten millions digit of 70370566?
7
What is the tens digit of 6386260321?
2
What is the thousands digit of 393821718?
1
What is the hundred thousands digit of 112667508?
6
What is the units digit of 1507267845?
5
What is the millions digit of 2882629191?
2
What is the tens digit of 1020738077?
7
What is the tens digit of 31538420?
2
What is the ten millions digit of 2097335776?
9
What is the ten thousands digit of 570806703?
0
What is the millions digit of 1165762622?
5
What is the hundreds digit of 60584289?
2
What is the ten millions digit of 1312157545?
1
What is the ten millions digit of 46654171?
4
What is the tens digit of 42484960?
6
What is the tens digit of 419307948?
4
What is the thousands digit of 1411075228?
5
What is the hundred thousands digit of 84262844?
2
What is the hundreds digit of 2096306030?
0
What is the hundred millions digit of 849850153?
8
What is the ten thousands digit of 6311479924?
7
What is the hundred thousands digit of 1502954857?
9
What is the ten thousands digit of 477768061?
6
What is the hundred thousands digit of 127708587?
7
What is the hundred thousands digit of 126654066?
6
What is the hundreds digit of 119308398?
3
What is the hundred thousands digit of 4239911291?
9
What is the hundred millions digit of 369142692?
3
What is the millions digit of 64100321?
4
What is the tens digit of 41419519?
1
What is the tens digit of 2358618579?
7
What is the billions digit of 1895521048?
1
What is the hundred thousands digit of 1241253018?
2
What is the hundred thousands digit of 23545975?
5
What is the millions digit of 3328795165?
8
What is the units digit of 141082566?
6
What is the hundreds digit of 15830512?
5
What is the ten thousands digit of 1224881993?
8
What is the units digit of 670182557?
7
What is the thousands digit of 48368630?
8
What is the hundreds digit of 15801038?
0
What is the ten millions digit of 68250944?
6
What is the tens digit of 468191076?
7
What is the tens digit of 1557288480?
8
What is the hundred thousands digit of 38216900?
2
What is the tens digit of 274837260?
6
What is the hundreds digit of 105980435?
4
What is the millions digit of 74002284?
4
What is the ten thousands digit of 712947555?
4
What is the ten thousands digit of 3311832772?
3
What is the hundreds digit of 1727617?
6
What is the hundred thousands digit of 169646318?
6
What is the hundred thousands digit of 1280966406?
9
What is the hundred thousands digit of 6575311101?
3
What is the ten millions digit of 483209293?
8
What is the ten millions digit of 545864128?
4
What is the hundreds digit of 827581825?
8
What is the hundred thousands digit of 167828229?
8
What is the millions digit of 5287582467?
7
What is the ten millions digit of 342747512?
4
What is the thousands digit of 44147062?
7
What is the hundreds digit of 259608150?
1
What is the millions digit of 1304809554?
4
What is the units digit of 2281467574?
4
What is the thousands digit of 1909570638?
0
What is the units digit of 877495039?
9
What is the thousands digit of 67831075?
1
What is the ten millions digit of 47438632?
4
What is the ten thousands digit of 433573548?
7
What is the units digit of 76658222?
2
What is the thousands digit of 327136659?
6
What is the millions digit of 19733845?
9
What is the ten thousands digit of 565256168?
5
What is the millions digit of 378779826?
8
What is the ten thousands digit of 6467334484?
3
What is the hundreds digit of 51566684?
6
What is the hundred thousands digit of 314491604?
4
What is the hundreds digit of 181133286?
2
What is the hundreds digit of 711738?
7
What is the billions digit of 2584088528?
2
What is the hundred millions digit of 1590279802?
5
What is the hundred thousands digit of 2297174873?
1
What is the tens digit of 65389170?
7
What is the millions digit of 90959551?
0
What is the millions digit of 1020845498?
0
What is the ten millions digit of 24714190?
2
What is the hundred thousands digit of 371507971?
5
What is the thousands digit of 2173497545?
7
What is the units digit of 171425376?
6
What is the hundred thousands digit of 437949612?
9
What is the tens digit of 77314001?
0
What is the tens digit of 405449940?
4
What is the tens digit of 4614208016?
1
What is the tens digit of 1674354304?
0
What is the hundred millions digit of 248135198?
2
What is the millions digit of 557968531?
7
What is the thousands digit of 45200938?
0
What is the ten millions digit of 32518952?
3
What is the tens digit of 132233237?
3
What is the thousands digit of 33448900?
8
What is the tens digit of 279768320?
2
What is the thousands digit of 18296006?
6
What is the tens digit of 231037951?
5
What is the thousands digit of 255615457?
5
What is the millions digit of 70966474?
0
What is the ten millions digit of 1272145487?
7
What is the units digit of 4467186790?
0
What is the hundred thousands digit of 210733603?
7
What is the thousands digit of 1900906410?
6
What is the hundred thousands digit of 1541602137?
6
What is the thousands digit of 34368505?
8
What is the ten thousands digit of 655128424?
2
What is the millions digit of 162929819?
2
What is the millions digit of 2242156933?
2
What is the hundred thousands digit of 2522006373?
0
What is the hundred millions digit of 205532377?
2
What is the billions digit of 1034752432?
1
What is the millions digit of 93082461?
3
What is the millions digit of 2442673390?
2
What is the millions digit of 6850037?
6
What is the tens digit of 45931952?
5
What is the hundreds digit of 86108738?
7
What is the tens digit of 164831788?
8
What is the ten thousands digit of 7388095423?
9
What is the hundreds digit of 756394459?
4
What is the millions digit of 65101819?
5
What is the hundred millions digit of 697214474?
6
What is the units digit of 12561051?
1
What is the hundred thousands digit of 1159330778?
3
What is the millions digit of 57062854?
7
What is the millions digit of 4233607655?
3
What is the units digit of 93868798?
8
What is the ten millions digit of 1587468502?
8
What is the tens digit of 271882594?
9
What is the ten thousands digit of 3872225?
7
What is the thousands digit of 2442797?
2
What is the units digit of 258586351?
1
What is the millions digit of 28487060?
8
What is the ten thousands digit of 178744418?
4
What is the hundred millions digit of 719700953?
7
What is the hundreds digit of 248374266?
2
What is the billions digit of 5308275720?
5
What is the ten millions digit of 818495894?
1
What is the hundred thousands digit of 95797840?
7
What is the tens digit of 64669918?
1
What is the units digit of 88187035?
5
What is the units digit of 1197124043?
3
What is the hundreds digit of 559709316?
3
What is the ten thousands digit of 593800061?
0
What is the millions digit of 1037103768?
7
What is the thousands digit of 175218860?
8
What is the billions digit of 3242038878?
3
What is the thousands digit of 870601950?
1
What is the thousands digit of 848139367?
9
What is